{"id":1209,"date":"2021-05-31T18:35:43","date_gmt":"2021-05-31T21:35:43","guid":{"rendered":"https:\/\/iesprofesoramariapereyra-cha.infd.edu.ar\/sitio\/?page_id=1209"},"modified":"2021-07-01T23:00:20","modified_gmt":"2021-07-02T02:00:20","slug":"tutorial","status":"publish","type":"page","link":"https:\/\/iesprofesoramariapereyra-cha.infd.edu.ar\/sitio\/tutorial\/","title":{"rendered":"Tutoriales"},"content":{"rendered":"<p>El espacio total dedicado al alojamiento de los contenidos es limitado, est\u00e1 compartido por todas las plataformas que componen la red INFoD. Por tal motivo, el INFoD monitorea constantemente el uso de los recursos contratados para dar servicio a la red y puede decidir acotar o restringir los l\u00edmites en tama\u00f1o de archivos o espacio de almacenamiento para garantizar que todos los ISFD cuenten con el mismo servicio.<\/p>\n<pre class=\"title style-scope ytd-video-primary-info-renderer\">Tutorial: Introducci\u00f3n al Aula Virtual del Campus Educativo (INFoD)<\/pre>\n<hr \/>\n<p><iframe loading=\"lazy\" title=\"YouTube video player\" src=\"https:\/\/www.youtube.com\/embed\/bXSV7gD7YPo\" width=\"560\" height=\"315\" frameborder=\"0\" allowfullscreen=\"allowfullscreen\"><\/iframe><\/p>\n<p><a href=\"https:\/\/red.infd.edu.ar\/3443-2\/\">Orientaciones para el trabajo virtual<\/a><br \/>\nEstamos atravesando una \u00e9poca compleja. Necesitamos armar propuestas para nuestras clases a distancia en pocos d\u00edas. Algunos\/as, por supuesto, podr\u00e1n encararlo con maestr\u00eda -porque los desaf\u00eda, porque ya lo vienen haciendo o sencillamente, porque les gusta la virtualidad-, otros\/as, sin embargo, pueden experimentarlo como una empresa imposible. Ponemos a su disposici\u00f3n recursos y orientaciones para que sus clases sean las mejores posibles, y que ustedes puedan darle a sus estudiantes, lo mejor que tienen.<\/p>\n<hr \/>\n<p><a href=\"https:\/\/red.infd.edu.ar\/seguimos-con-nuestras-clases-virtuales\/\">Seguimos con nuestras clases virtuales: ahora vamos a enriquecerlas<\/a><br \/>\nQueremos proponerles algunas ideas de clases virtuales que puedan permitirles a cada uno\/a de ustedes el armado de sus \u201cclases\u201d y a sus cursantes la administraci\u00f3n personal de su tiempo. En Formaci\u00f3n Docente tenemos la ventaja de que nuestros\/as cursantes son adultos\/as y pueden autorregularse con nuestra ayuda y apoyo.<\/p>\n<hr \/>\n<p><a href=\"https:\/\/red.infd.edu.ar\/integracion-de-la-videoconferencia-como-recurso-didactico-en-los-cursos-virtuales-de-formacion-docente-especializada\/\">Integraci\u00f3n de la videoconferencia como recurso did\u00e1ctico en los cursos virtuales de formaci\u00f3n docente especializada<\/a><br \/>\nLa videoconferencia es un sistema de comunicaci\u00f3n en directo que posibilita la interacci\u00f3n sincr\u00f3nica entre dos o m\u00e1s personas a trav\u00e9s de video y audio. Permite\u00a0 as\u00ed interactuar en forma escrita (chat) y oral, compartir archivos y compartir pantalla.<\/p>\n<hr \/>\n","protected":false},"excerpt":{"rendered":"<p>El espacio total dedicado al alojamiento de los contenidos es limitado, est\u00e1 compartido por todas las plataformas que componen la red INFoD. Por tal motivo, el INFoD monitorea constantemente el uso de los recursos contratados para dar servicio a la red y puede decidir acotar o restringir los l\u00edmites en tama\u00f1o de archivos o espacio &#8230; <a title=\"Tutoriales\" class=\"read-more\" href=\"https:\/\/iesprofesoramariapereyra-cha.infd.edu.ar\/sitio\/tutorial\/\" aria-label=\"More on Tutoriales\">[+]<\/a><\/p>\n","protected":false},"author":13,"featured_media":0,"parent":0,"menu_order":0,"comment_status":"closed","ping_status":"closed","template":"","meta":[],"acf":[],"_links":{"self":[{"href":"https:\/\/iesprofesoramariapereyra-cha.infd.edu.ar\/sitio\/wp-json\/wp\/v2\/pages\/1209"}],"collection":[{"href":"https:\/\/iesprofesoramariapereyra-cha.infd.edu.ar\/sitio\/wp-json\/wp\/v2\/pages"}],"about":[{"href":"https:\/\/iesprofesoramariapereyra-cha.infd.edu.ar\/sitio\/wp-json\/wp\/v2\/types\/page"}],"author":[{"embeddable":true,"href":"https:\/\/iesprofesoramariapereyra-cha.infd.edu.ar\/sitio\/wp-json\/wp\/v2\/users\/13"}],"replies":[{"embeddable":true,"href":"https:\/\/iesprofesoramariapereyra-cha.infd.edu.ar\/sitio\/wp-json\/wp\/v2\/comments?post=1209"}],"version-history":[{"count":25,"href":"https:\/\/iesprofesoramariapereyra-cha.infd.edu.ar\/sitio\/wp-json\/wp\/v2\/pages\/1209\/revisions"}],"predecessor-version":[{"id":1311,"href":"https:\/\/iesprofesoramariapereyra-cha.infd.edu.ar\/sitio\/wp-json\/wp\/v2\/pages\/1209\/revisions\/1311"}],"wp:attachment":[{"href":"https:\/\/iesprofesoramariapereyra-cha.infd.edu.ar\/sitio\/wp-json\/wp\/v2\/media?parent=1209"}],"curies":[{"name":"wp","href":"https:\/\/api.w.org\/{rel}","templated":true}]}}